{"id":102,"date":"2025-06-12T20:15:13","date_gmt":"2025-06-12T20:15:13","guid":{"rendered":"https:\/\/acuapatios.com.co\/home\/?page_id=102"},"modified":"2025-06-12T20:27:46","modified_gmt":"2025-06-12T20:27:46","slug":"servicio","status":"publish","type":"page","link":"https:\/\/acuapatios.com.co\/home\/index.php\/servicio\/","title":{"rendered":"Servicio"},"content":{"rendered":"\n<div class=\"wp-block-group is-content-justification-center is-layout-constrained wp-container-core-group-is-layout-4a53e118 wp-block-group-is-layout-constrained\" style=\"padding-top:var(--wp--preset--spacing--60);padding-right:var(--wp--preset--spacing--40);padding-bottom:var(--wp--preset--spacing--60);padding-left:var(--wp--preset--spacing--40)\">\n<p class=\"has-text-align-center\"><\/p>\n\n\n\n<h1 class=\"wp-block-heading has-text-align-center\" style=\"margin-bottom:var(--wp--preset--spacing--60);line-height:1\">\u00daltimos Avisos Importantes<\/h1>\n\n\n\n<div class=\"wp-block-query is-layout-flow wp-block-query-is-layout-flow\"><ul class=\"columns-3 wp-block-post-template is-layout-grid wp-container-core-post-template-is-layout-6d3fbd8f wp-block-post-template-is-layout-grid\"><li class=\"wp-block-post post-164 post type-post status-publish format-standard has-post-thumbnail hentry category-uncategorized\">\n\n<div class=\"wp-block-group is-layout-flow wp-container-core-group-is-layout-d4a81756 wp-block-group-is-layout-flow\" style=\"padding-top:10px;padding-right:10px;padding-bottom:10px;padding-left:10px\"><figure style=\"height:260px;\" class=\"wp-block-post-featured-image\"><img loading=\"lazy\" decoding=\"async\" width=\"1368\" height=\"1256\" src=\"https:\/\/acuapatios.com.co\/home\/wp-content\/uploads\/2025\/06\/Captura-de-pantalla-2025-06-18-a-las-10.51.12\u202fa.m.png\" class=\"attachment-post-thumbnail size-post-thumbnail wp-post-image\" alt=\"\" style=\"border-radius:10px;height:260px;object-fit:cover;\" srcset=\"https:\/\/acuapatios.com.co\/home\/wp-content\/uploads\/2025\/06\/Captura-de-pantalla-2025-06-18-a-las-10.51.12\u202fa.m.png 1368w, https:\/\/acuapatios.com.co\/home\/wp-content\/uploads\/2025\/06\/Captura-de-pantalla-2025-06-18-a-las-10.51.12\u202fa.m-300x275.png 300w, https:\/\/acuapatios.com.co\/home\/wp-content\/uploads\/2025\/06\/Captura-de-pantalla-2025-06-18-a-las-10.51.12\u202fa.m-1024x940.png 1024w, https:\/\/acuapatios.com.co\/home\/wp-content\/uploads\/2025\/06\/Captura-de-pantalla-2025-06-18-a-las-10.51.12\u202fa.m-768x705.png 768w\" sizes=\"auto, (max-width: 1368px) 100vw, 1368px\" \/><\/figure>\n\n<h2 style=\"font-size:28px;line-height:1.2; margin-bottom:var(--wp--preset--spacing--40);margin-top:var(--wp--preset--spacing--40);\" class=\"has-link-color is-style-title-hover-secondary-color wp-elements-c01ed860d4e928839dfd31cfc4afc44e wp-block-post-title has-text-color has-foreground-color\"><a href=\"https:\/\/acuapatios.com.co\/home\/index.php\/2025\/06\/18\/18-de-junio\/\" target=\"_self\" >18 de Junio<\/a><\/h2>\n\n\n<div class=\"wp-block-group has-x-small-font-size is-nowrap is-layout-flex wp-container-core-group-is-layout-6ce5725f wp-block-group-is-layout-flex\" style=\"padding-bottom:var(--wp--preset--spacing--20)\"><div class=\"wp-block-post-date\"><time datetime=\"2025-06-18T15:54:24+00:00\">junio 18, 2025<\/time><\/div>\n\n\n<p>.<\/p>\n\n\n<div class=\"wp-block-post-author-name\">admin<\/div><\/div>\n\n\n<div style=\"font-size:18px;\" class=\"wp-block-post-excerpt\"><p class=\"wp-block-post-excerpt__excerpt\"> <\/p><\/div><\/div>\n\n<\/li><li class=\"wp-block-post post-112 post type-post status-publish format-standard has-post-thumbnail hentry category-uncategorized\">\n\n<div class=\"wp-block-group is-layout-flow wp-container-core-group-is-layout-d4a81756 wp-block-group-is-layout-flow\" style=\"padding-top:10px;padding-right:10px;padding-bottom:10px;padding-left:10px\"><figure style=\"height:260px;\" class=\"wp-block-post-featured-image\"><img loading=\"lazy\" decoding=\"async\" width=\"828\" height=\"863\" src=\"https:\/\/acuapatios.com.co\/home\/wp-content\/uploads\/2025\/06\/Unknown.jpg\" class=\"attachment-post-thumbnail size-post-thumbnail wp-post-image\" alt=\"\" style=\"border-radius:10px;height:260px;object-fit:cover;\" srcset=\"https:\/\/acuapatios.com.co\/home\/wp-content\/uploads\/2025\/06\/Unknown.jpg 828w, https:\/\/acuapatios.com.co\/home\/wp-content\/uploads\/2025\/06\/Unknown-288x300.jpg 288w, https:\/\/acuapatios.com.co\/home\/wp-content\/uploads\/2025\/06\/Unknown-768x800.jpg 768w\" sizes=\"auto, (max-width: 828px) 100vw, 828px\" \/><\/figure>\n\n<h2 style=\"font-size:28px;line-height:1.2; margin-bottom:var(--wp--preset--spacing--40);margin-top:var(--wp--preset--spacing--40);\" class=\"has-link-color is-style-title-hover-secondary-color wp-elements-c01ed860d4e928839dfd31cfc4afc44e wp-block-post-title has-text-color has-foreground-color\"><a href=\"https:\/\/acuapatios.com.co\/home\/index.php\/2025\/06\/12\/12-de-junio\/\" target=\"_self\" >12 de Junio<\/a><\/h2>\n\n\n<div class=\"wp-block-group has-x-small-font-size is-nowrap is-layout-flex wp-container-core-group-is-layout-6ce5725f wp-block-group-is-layout-flex\" style=\"padding-bottom:var(--wp--preset--spacing--20)\"><div class=\"wp-block-post-date\"><time datetime=\"2025-06-12T20:26:13+00:00\">junio 12, 2025<\/time><\/div>\n\n\n<p>.<\/p>\n\n\n<div class=\"wp-block-post-author-name\">admin<\/div><\/div>\n\n\n<div style=\"font-size:18px;\" class=\"wp-block-post-excerpt\"><p class=\"wp-block-post-excerpt__excerpt\">ACUAPATIOS S.A.E.S.P. informa a sus usuarios que el d\u00eda Jueves 12 del junio se realizar\u00e1n cortes en el servicio para aquellos usuarios que se encuentran en mora. Le recomendamos estar al d\u00eda con las facturas del servicio pendiente. <\/p><\/div><\/div>\n\n<\/li><\/ul>\n\n<\/div>\n<\/div>\n","protected":false},"excerpt":{"rendered":"<p>\u00daltimos Avisos Importantes<\/p>\n","protected":false},"author":1,"featured_media":0,"parent":0,"menu_order":0,"comment_status":"closed","ping_status":"closed","template":"","meta":{"_joinchat":[],"footnotes":""},"class_list":["post-102","page","type-page","status-publish","hentry"],"_links":{"self":[{"href":"https:\/\/acuapatios.com.co\/home\/index.php\/wp-json\/wp\/v2\/pages\/102","targetHints":{"allow":["GET"]}}],"collection":[{"href":"https:\/\/acuapatios.com.co\/home\/index.php\/wp-json\/wp\/v2\/pages"}],"about":[{"href":"https:\/\/acuapatios.com.co\/home\/index.php\/wp-json\/wp\/v2\/types\/page"}],"author":[{"embeddable":true,"href":"https:\/\/acuapatios.com.co\/home\/index.php\/wp-json\/wp\/v2\/users\/1"}],"replies":[{"embeddable":true,"href":"https:\/\/acuapatios.com.co\/home\/index.php\/wp-json\/wp\/v2\/comments?post=102"}],"version-history":[{"count":3,"href":"https:\/\/acuapatios.com.co\/home\/index.php\/wp-json\/wp\/v2\/pages\/102\/revisions"}],"predecessor-version":[{"id":114,"href":"https:\/\/acuapatios.com.co\/home\/index.php\/wp-json\/wp\/v2\/pages\/102\/revisions\/114"}],"wp:attachment":[{"href":"https:\/\/acuapatios.com.co\/home\/index.php\/wp-json\/wp\/v2\/media?parent=102"}],"curies":[{"name":"wp","href":"https:\/\/api.w.org\/{rel}","templated":true}]}}